{"id":549,"date":"2019-05-22T01:35:35","date_gmt":"2019-05-22T04:35:35","guid":{"rendered":"https:\/\/greenmartur.com.br\/?post_type=product&#038;p=549"},"modified":"2025-10-21T12:28:30","modified_gmt":"2025-10-21T15:28:30","slug":"passeio-de-buggy-2","status":"publish","type":"product","link":"https:\/\/greenmartur.com.br\/?product=passeio-de-buggy-2","title":{"rendered":"Passeio de Buggy"},"content":{"rendered":"\r\n<p><strong>Passeio de Buggy<\/strong> &#8211; Litoral Norte &#8211; R$ 250,00 para at\u00e9 04 pessoas Dura\u00e7\u00e3o de 02h30mts.. (Essa \u00e1rea \u00e9 destinada como as praias mais bonitas do litoral alagoano, uma delas \u00e9 conhecida como caribe brasileiro, \u00e0 praia de Antunes, por\u00e9m todas s\u00e3o belas, que s\u00e3o elas, Burgalhau, Barra Grande com caminho de Mois\u00e9s, Antunes e Xareu)<\/p>\r\n<p><strong>Passeio de Buggy<\/strong> &#8211; litoral Sul &#8211; R$ 250,00 para at\u00e9 04 pessoas Dura\u00e7\u00e3o 02h30mts (Passamos nas praias do litoral Sul, Japaratinga, Bitigui, Barreiras de Boqueir\u00e3o, onde voc\u00eas tem atra\u00e7\u00f5es maravilhosas, como o banho de bica, banho de \u00e1gua doce e \u00e1gua natural, com paradas em mirantes\u00a0para\u00a0fotos.)<\/p>\r\n","protected":false},"excerpt":{"rendered":"<p class=\"font_8\"><!-- wp:paragraph --><\/p>\n<p><strong>Passeio de Buggy<\/strong> &#8211; Litoral Norte &#8211; R$ 250,00 para at\u00e9 04 pessoas Dura\u00e7\u00e3o de 02h30mts.. (Essa \u00e1rea \u00e9 destinada como as praias mais bonitas do litoral alagoano, uma delas \u00e9 conhecida como caribe brasileiro, \u00e0 praia de Antunes, por\u00e9m todas s\u00e3o belas, que s\u00e3o elas, Burgalhau, Barra Grande com caminho de Mois\u00e9s, Antunes e Xareu)<\/p>\n<p><strong>Passeio de Buggy<\/strong> &#8211; litoral Sul &#8211; R$ 250,00 para at\u00e9 04 pessoas Dura\u00e7\u00e3o 02h30mts (Passamos nas praias do litoral Sul, Japaratinga, Bitigui, Barreiras de Boqueir\u00e3o, onde voc\u00eas tem atra\u00e7\u00f5es maravilhosas, como o banho de bica, banho de \u00e1gua doce e \u00e1gua natural, com paradas em mirantes\u00a0para\u00a0fotos.)<\/p>\n<p class=\"font_8\"><!-- \/wp:paragraph --><\/p>\n","protected":false},"featured_media":1656,"template":"","meta":{"_exactmetrics_skip_tracking":false,"_exactmetrics_sitenote_active":false,"_exactmetrics_sitenote_note":"","_exactmetrics_sitenote_category":0},"product_brand":[],"product_cat":[95],"product_tag":[],"class_list":{"0":"post-549","1":"product","2":"type-product","3":"status-publish","4":"has-post-thumbnail","6":"product_cat-passeios","8":"first","9":"instock","10":"shipping-taxable","11":"purchasable","12":"product-type-simple"},"_links":{"self":[{"href":"https:\/\/greenmartur.com.br\/index.php?rest_route=\/wp\/v2\/product\/549","targetHints":{"allow":["GET"]}}],"collection":[{"href":"https:\/\/greenmartur.com.br\/index.php?rest_route=\/wp\/v2\/product"}],"about":[{"href":"https:\/\/greenmartur.com.br\/index.php?rest_route=\/wp\/v2\/types\/product"}],"wp:featuredmedia":[{"embeddable":true,"href":"https:\/\/greenmartur.com.br\/index.php?rest_route=\/wp\/v2\/media\/1656"}],"wp:attachment":[{"href":"https:\/\/greenmartur.com.br\/index.php?rest_route=%2Fwp%2Fv2%2Fmedia&parent=549"}],"wp:term":[{"taxonomy":"product_brand","embeddable":true,"href":"https:\/\/greenmartur.com.br\/index.php?rest_route=%2Fwp%2Fv2%2Fproduct_brand&post=549"},{"taxonomy":"product_cat","embeddable":true,"href":"https:\/\/greenmartur.com.br\/index.php?rest_route=%2Fwp%2Fv2%2Fproduct_cat&post=549"},{"taxonomy":"product_tag","embeddable":true,"href":"https:\/\/greenmartur.com.br\/index.php?rest_route=%2Fwp%2Fv2%2Fproduct_tag&post=549"}],"curies":[{"name":"wp","href":"https:\/\/api.w.org\/{rel}","templated":true}]}}