{"id":339,"date":"2016-04-06T03:22:52","date_gmt":"2016-04-06T03:22:52","guid":{"rendered":"http:\/\/demo.tokomoo.com\/paradize\/travel\/?page_id=339"},"modified":"2021-07-26T23:58:54","modified_gmt":"2021-07-27T02:58:54","slug":"about","status":"publish","type":"page","link":"https:\/\/greenmartur.com.br\/?page_id=339","title":{"rendered":"A EMPRESA"},"content":{"rendered":"<p>[vc_row full_width=&#8221;stretch_row&#8221; css=&#8221;.vc_custom_1627354262466{margin-top: 0px !important;margin-bottom: 0px !important;padding-top: 75px !important;padding-bottom: 75px !important;background-color: #044740 !important;}&#8221;][vc_column css=&#8221;.vc_custom_1460013578162{margin-top: 0px !important;}&#8221;][vc_custom_heading text=&#8221;Quem Somos&#8221; font_container=&#8221;tag:h2|font_size:30|text_align:center|color:%23fff7dd|line_height:0px&#8221; css=&#8221;.vc_custom_1627354277827{margin-top: 0px !important;margin-bottom: 0px !important;padding-top: 0px !important;padding-right: 0px !important;padding-bottom: 0px !important;padding-left: 0px !important;}&#8221;][vc_empty_space][vc_wp_text]<span style=\"color: #ffffff;\">Nossa empresa atua a mais de 05 anos no ramo do turismo, sempre buscando a excel\u00eancia no atendimento ao cliente e nos servi\u00e7os oferecidos. A Green Mar Tur., surgiu de uma ideia de trazer algo diferente para quem visita Maragogi, sempre com um cuidado e aten\u00e7\u00e3o especial e diferenciada para aqueles que buscam tranquilidade, conforto e qualidade em suas f\u00e9rias.<\/span>[\/vc_wp_text][vc_custom_heading text=&#8221;Localiza\u00e7\u00e3o&#8221; font_container=&#8221;tag:h2|font_size:30|text_align:center|color:%23fff7dd|line_height:0px&#8221; css=&#8221;.vc_custom_1627354387706{margin-top: 0px !important;margin-bottom: 0px !important;padding-top: 0px !important;padding-right: 0px !important;padding-bottom: 0px !important;padding-left: 0px !important;}&#8221;][vc_empty_space][vc_wp_text]<span style=\"color: #ffffff;\">Nossa localiza\u00e7\u00e3o \u00e9 na Orla Mar\u00edtima de Maragogi, bem no centro da cidade, facilitando o acesso a informa\u00e7\u00f5es e d\u00favidas dos nossos clientes e daqueles que nos visitam, pois buscamos um atendimento humanizado, para que o cliente al\u00e9m de conseguir tirar todas \u00e0s duvidas, possa sair da nossa empresa abastecido de informa\u00e7\u00f5es sobre a regi\u00e3o e o que ela oferece<\/span>[\/vc_wp_text][\/vc_column][\/vc_row]<\/p>\n","protected":false},"excerpt":{"rendered":"<p>[vc_row full_width=&#8221;stretch_row&#8221; css=&#8221;.vc_custom_1627354262466{margin-top: 0px !important;margin-bottom: 0px !important;padding-top: 75px !important;padding-bottom: 75px !important;background-color: #044740 !important;}&#8221;][vc_column css=&#8221;.vc_custom_1460013578162{margin-top: 0px !important;}&#8221;][vc_custom_heading text=&#8221;Quem Somos&#8221; font_container=&#8221;tag:h2|font_size:30|text_align:center|color:%23fff7dd|line_height:0px&#8221; css=&#8221;.vc_custom_1627354277827{margin-top:<\/p>\n","protected":false},"author":1,"featured_media":0,"parent":0,"menu_order":0,"comment_status":"closed","ping_status":"closed","template":"","meta":{"_exactmetrics_skip_tracking":false,"_exactmetrics_sitenote_active":false,"_exactmetrics_sitenote_note":"","_exactmetrics_sitenote_category":0,"footnotes":""},"class_list":["post-339","page","type-page","status-publish","hentry"],"_hostinger_reach_plugin_has_subscription_block":false,"_hostinger_reach_plugin_is_elementor":false,"_links":{"self":[{"href":"https:\/\/greenmartur.com.br\/index.php?rest_route=\/wp\/v2\/pages\/339","targetHints":{"allow":["GET"]}}],"collection":[{"href":"https:\/\/greenmartur.com.br\/index.php?rest_route=\/wp\/v2\/pages"}],"about":[{"href":"https:\/\/greenmartur.com.br\/index.php?rest_route=\/wp\/v2\/types\/page"}],"author":[{"embeddable":true,"href":"https:\/\/greenmartur.com.br\/index.php?rest_route=\/wp\/v2\/users\/1"}],"replies":[{"embeddable":true,"href":"https:\/\/greenmartur.com.br\/index.php?rest_route=%2Fwp%2Fv2%2Fcomments&post=339"}],"version-history":[{"count":3,"href":"https:\/\/greenmartur.com.br\/index.php?rest_route=\/wp\/v2\/pages\/339\/revisions"}],"predecessor-version":[{"id":1560,"href":"https:\/\/greenmartur.com.br\/index.php?rest_route=\/wp\/v2\/pages\/339\/revisions\/1560"}],"wp:attachment":[{"href":"https:\/\/greenmartur.com.br\/index.php?rest_route=%2Fwp%2Fv2%2Fmedia&parent=339"}],"curies":[{"name":"wp","href":"https:\/\/api.w.org\/{rel}","templated":true}]}}